2
What is the units digit of 8499?
9
What is the hundreds digit of 3003?
0
What is the units digit of 34476?
6
What is the units digit of 14?
4
What is the thousands digit of 122318?
2
What is the thousands digit of 17500?
7
What is the hundreds digit of 2671?
6
What is the units digit of 144?
4
What is the tens digit of 447?
4
What is the hundreds digit of 222?
2
What is the tens digit of 1002?
0
What is the thousands digit of 4061?
4
What is the tens digit of 16484?
8
What is the thousands digit of 8868?
8
What is the units digit of 7850?
0
What is the units digit of 625?
5
What is the units digit of 469?
9
What is the hundred thousands digit of 128359?
1
What is the tens digit of 726?
2
What is the units digit of 68350?
0
What is the hundreds digit of 331?
3
What is the units digit of 11013?
3
What is the hundreds digit of 1143?
1
What is the tens digit of 3717?
1
What is the hundreds digit of 5845?
8
What is the tens digit of 66455?
5
What is the units digit of 13101?
1
What is the units digit of 941?
1
What is the thousands digit of 13012?
3
What is the thousands digit of 28044?
8
What is the thousands digit of 6182?
6
What is the hundreds digit of 85809?
8
What is the tens digit of 18087?
8
What is the tens digit of 4768?
6
What is the hundreds digit of 37665?
6
What is the hundreds digit of 1869?
8
What is the hundreds digit of 68900?
9
What is the tens digit of 6781?
8
What is the units digit of 5612?
2
What is the hundreds digit of 25968?
9
What is the thousands digit of 17302?
7
What is the hundreds digit of 11316?
3
What is the hundreds digit of 14578?
5
What is the thousands digit of 32694?
2
What is the units digit of 9003?
3
What is the tens digit of 6290?
9
What is the tens digit of 8410?
1
What is the tens digit of 71384?
8
What is the hundreds digit of 31158?
1
What is the units digit of 86?
6
What is the tens digit of 10279?
7
What is the tens digit of 9836?
3
What is the units digit of 6167?
7
What is the thousands digit of 144097?
4
What is the thousands digit of 1987?
1
What is the tens digit of 2923?
2
What is the tens digit of 5413?
1
What is the hundreds digit of 5502?
5
What is the tens digit of 137605?
0
What is the ten thousands digit of 27557?
2
What is the tens digit of 66535?
3
What is the hundreds digit of 127817?
8
What is the hundreds digit of 29781?
7
What is the hundreds digit of 860?
8
What is the hundreds digit of 138?
1
What is the hundreds digit of 9149?
1
What is the thousands digit of 1158?
1
What is the ten thousands digit of 14833?
1
What is the ten thousands digit of 19531?
1
What is the tens digit of 170?
7
What is the units digit of 47500?
0
What is the units digit of 3816?
6
What is the hundreds digit of 1010?
0
What is the tens digit of 1838?
3
What is the units digit of 65260?
0
What is the units digit of 2226?
6
What is the thousands digit of 14384?
4
What is the units digit of 1146?
6
What is the tens digit of 11664?
6
What is the units digit of 32?
2
What is the thousands digit of 3866?
3
What is the thousands digit of 1088?
1
What is the tens digit of 1255?
5
What is the tens digit of 3260?
6
What is the hundreds digit of 1408?
4
What is the tens digit of 1544?
4
What is the thousands digit of 11721?
1
What is the tens digit of 1566?
6
What is the thousands digit of 13658?
3
What is the units digit of 127075?
5
What is the units digit of 209?
9
What is the units digit of 2194?
4
What is the thousands digit of 3345?
3
What is the hundreds digit of 4637?
6
What is the hundreds digit of 5132?
1
What is the units digit of 825?
5
What is the units digit of 1066?
6
What is the ten thousands digit of 88988?
8
What is the units digit of 104169?
9
What is the units digit of 15040?
0
What is the thousands digit of 40630?
0
What is the hundreds digit of 10751?
7
What is the units digit of 5614?
4
What is the tens digit of 16010?
1
What is the units digit of 378?
8
What is the hundreds digit of 787?
7
What is the hundreds digit of 1457?
4
What is the tens digit of 215?
1
What is the tens digit of 1500?
0
What is the hundreds digit of 3470?
4
What is the tens digit of 16104?
0
What is the tens digit of 19509?
0
What is the thousands digit of 1720?
1
What is the thousands digit of 1290?
1
What is the tens digit of 60?
6
What is the tens digit of 20932?
3
What is the hundreds digit of 776?
7
What is the hundreds digit of 9793?
7
What is the hundreds digit of 7715?
7
What is the hundreds digit of 5895?
8
What is the thousands digit of 2431?
2
What is the units digit of 10703?
3
What is the thousands digit of 13968?
3
What is the tens digit of 87?
8
What is the units digit of 18682?
2
What is the units digit of 12289?
9
What is the thousands digit of 100575?
0
What is the thousands digit of 1971?
1
What is the ten thousands digit of 24552?
2
What is the units digit of 12820?
0
What is the thousands digit of 35035?
5
What is the thousands digit of 9297?
9
What is the tens digit of 12241?
4
What is the tens digit of 35581?
8
What is the hundreds digit of 24812?
8
What is the hundreds digit of 6528?
5
What is the units digit of 7392?
2
What is the hundreds digit of 13945?
9
What is the hundreds digit of 13635?
6
What is the hundreds digit of 86729?
7
What is the hundreds digit of 2850?
8
What is the tens digit of 7276?
7
What is the thousands digit of 2851?
2
What is the tens digit of 37562?
6
What is the tens digit of 75409?
0
What is the tens digit of 521?
2
What is the tens digit of 38?
3
What is the hundreds digit of 146215?
2
What is the hundreds digit of 439?
4
What is the hundreds digit of 13813?
8
What is the units digit of 75?
5
What is the hundreds digit of 29883?
8
What is the thousands digit of 13003?
3
What is the thousands digit of 1685?
1
What is the tens digit of 3219?
1
What is the tens digit of 1001?
0
What is the units digit of 237?
7
What is the ten thousands digit of 27026?
2
What is the ten thousands digit of 18406?
1
What is the tens digit of 2528?
2
What is the thousands digit of 1201?
1
What is the units digit of 380?
0
What is the tens digit of 7187?
8
What is the thousands digit of 18485?
8
What is the tens digit of 2050?
5
What is the tens digit of 394?
9
What is the tens digit of 868?
6
What is the tens digit of 15522?
2
What is the tens digit of 19204?
0
What is the hundreds digit of 7569?
5
What is the hundreds digit of 1249?
2
What is the hundreds digit of 2980?
9
What is the hundreds digit of 3344?
3
What is the units digit of 30322?
2
What is the tens digit of 338?
3
What is the units digit of 20469?
9
What is the units digit of 18527?
7
What is the units digit of 909?
9
What is the tens digit of 2596?
9
What is the ten thousands digit of 17627?
1
What is the units digit of 9579?
9
What is the hundreds digit of 2178?
1
What is the units digit of 58183?
3
What is the units digit of 55827?
7
What is the units digit of 9954?
4
What is the thousands digit of 14125?
4
What is the thousands digit of 1010?
1
What is the hundreds digit of 8157?
1
What is the tens digit of 47437?
3
What is the thousands digit of 46712?
6
What is the hundreds digit of 6791?
7
What is the tens digit of 14759?
5
What is the units digit of 4482?
2
What is the ten thousands digit of 12562?
1
What is the hundreds digit of 44381?
3
What is the thousands digit of 1774?
1
What is the units digit of 737?
7
What is the thousands digit of 2540?
2
What is the tens digit of 51500?
0
What is the hundreds digit of 17023?
0
What is the units digit of 64739?
9
What is the tens digit of 10528?
2
What is the hundreds digit of 172?
1
What is the tens digit of 4986?
8
What is the tens digit of 23739?
3
What is the tens digit of 534?
3
What is the hundreds digit of 3119?
1
What is the units digit of 940?
0
What is the hundreds digit of 4846?
8
What is the hundreds digit of 13439?
4
What is the units digit of 785?
5
What is the thousands digit of 1218?
1
What is the tens digit of 76?
7
What is the ten thousands digit of 18849?
1
What is the tens digit of 1408?
0
What is the units digit of 24423?
3
What is the hundreds digit of 934?
9
What is the hundreds digit of 3955?
9
What is the hundreds digit of 9823?
8
What is the tens digit of 1719?
1
What is the units digit of 4708?
8
What is the hundreds digit of 381?
3
What is t